{"id":264,"date":"2023-03-30T14:19:27","date_gmt":"2023-03-30T14:19:27","guid":{"rendered":"https:\/\/medycyna-estetyczna.net\/?page_id=264"},"modified":"2023-04-11T12:15:09","modified_gmt":"2023-04-11T12:15:09","slug":"laser-q-switch","status":"publish","type":"page","link":"https:\/\/medycyna-estetyczna.net\/index.php\/laser-q-switch\/","title":{"rendered":"Laser Q &#8211; Switch"},"content":{"rendered":"<div class=\"\" style=\"\" >\n    \n    <section class=\"u-clearfix u-section-2\" id=\"sec-2531\">\n      <div class=\"u-clearfix u-sheet u-sheet-1\">\n        <h1 class=\"u-align-center u-text u-text-palette-3-base u-text-1\" data-animation-name=\"customAnimationIn\" data-animation-duration=\"2000\"><b style=\"\"> Laser Q - Switch<br>Redukcja tatua\u017cu i makija\u017cy permanentnego<\/b>\n        <\/h1>\n        <p class=\"u-align-justify u-text u-text-2\">Zabieg laserem Q - Switch wykonuje si\u0119 w celu redukcji niechcianego tatua\u017cu lub makija\u017cu permanentnego. Laser ten powoduje rozbicie barwnika i stopniowe wydalanie go przez sk\u00f3r\u0119. Liczba zabieg\u00f3w zale\u017cy od g\u0142\u0119boko\u015bci barwnika w sk\u00f3rze - zwykle jest to 5 - 8 zabieg\u00f3w. W celu zwi\u0119kszonego bezpiecze\u0144stwa i minimalizacji ryzyka powstania blizny wykonujemy tak\u017ce zabieg \u0142\u0105czony w procedurze H&amp;S Triple Tat Treatment z laserem CO2 i osoczem bogatop\u0142ytkowym. <br>Przed redukcj\u0105 tatua\u017cu brwi, nale\u017cy je zgoli\u0107.<br><u>Czas\ntrwania zabiegu<\/u>&nbsp;<br>Zabieg\ntrwa ok. 30 minut.&nbsp;<br><u>Wskazania<\/u>&nbsp;<!--[if !supportLists]-->\n          <br>\u00b7redukcja tatua\u017cu,<br>\u00b7redukcja makija\u017cu permanentnego.<br><u>Przeciwskazania<\/u>&nbsp;<br>\u00b7infekcja og\u00f3lna,<br>\u00b7ci\u0105\u017ca i karmienie.&nbsp;<br><u>Bolesno\u015b\u0107\nzabiegu<\/u>&nbsp;<br>Pacjent mo\u017ce odczuwa\u0107\ndyskomfort podczas zabiegu.&nbsp;<br><u>Czas\ntrwania rekonwalescencji<\/u>&nbsp;<br>Czas rekonwalescencji wynosi oko\u0142o 2 tygodni, mo\u017ce utrzyma\u0107 si\u0119 zaczerwienienie i obrz\u0119k.&nbsp;\n        <\/p>\n        <a href=\"https:\/\/medycyna-estetyczna.net\/index.php\/cennik\/\" class=\"u-btn u-btn-round u-button-style u-hover-palette-1-light-1 u-palette-1-base u-radius-15 u-btn-1\">cennik<\/a>\n        <div class=\"u-expanded-width u-table u-table-responsive u-table-1\">\n          <table class=\"u-table-entity\">\n            <colgroup>\n              <col width=\"60.5%\">\n              <col width=\"39.5%\">\n            <\/colgroup>\n            <thead class=\"u-palette-4-base u-table-header u-table-header-1\">\n              <tr style=\"height: 44px;\">\n                <th class=\"u-border-1 u-border-palette-4-base u-table-cell\">Zabieg<\/th>\n                <th class=\"u-border-1 u-border-palette-4-base u-table-cell\">Cena<\/th>\n              <\/tr>\n            <\/thead>\n            <tbody class=\"u-table-body\">\n              <tr style=\"height: 88px;\">\n                <td class=\"u-border-1 u-border-grey-30 u-first-column u-grey-5 u-table-cell u-table-cell-3\"> redukcja tatua\u017cu w procedurze H&amp;S Triple Tat Treatment 5 na 5 cm (1 zabieg)<\/td>\n                <td class=\"u-border-1 u-border-grey-30 u-table-cell\">600 z\u0142<\/td>\n              <\/tr>\n              <tr style=\"height: 60px;\">\n                <td class=\"u-border-1 u-border-grey-30 u-first-column u-grey-5 u-table-cell u-table-cell-5\"> redukcja tatua\u017cu Q-Switch 5 na 5 cm&nbsp;(1 zabieg)<\/td>\n                <td class=\"u-border-1 u-border-grey-30 u-table-cell\">400 z\u0142<\/td>\n              <\/tr>\n              <tr style=\"height: 118px;\">\n                <td class=\"u-border-1 u-border-grey-30 u-first-column u-grey-5 u-table-cell u-table-cell-7\">redukcja makija\u017cu permanentnego obu brwi w procedurze H&amp;S Triple Tat Treatment 5 na 5 cm&nbsp;(1 zabieg)<\/td>\n                <td class=\"u-border-1 u-border-grey-30 u-table-cell\">800 z\u0142<\/td>\n              <\/tr>\n              <tr style=\"height: 72px;\">\n                <td class=\"u-border-1 u-border-grey-30 u-first-column u-grey-5 u-table-cell u-table-cell-9\">redukcja makija\u017cu permanentnego obu brwi Q-Switch 5 na 5 cm&nbsp;(1 zabieg)<\/td>\n                <td class=\"u-border-1 u-border-grey-30 u-table-cell\">600 z\u0142<\/td>\n              <\/tr>\n              <tr style=\"height: 119px;\">\n                <td class=\"u-border-1 u-border-grey-30 u-grey-5 u-table-cell u-table-cell-11\">redukcja makija\u017cu permanentnego nad warg\u0105 g\u00f3rn\u0105 w procedurze H&amp;S Triple Tat Treatment&nbsp;<\/td>\n                <td class=\"u-border-1 u-border-grey-30 u-table-cell\">600 z\u0142<\/td>\n              <\/tr>\n              <tr style=\"height: 60px;\">\n                <td class=\"u-border-1 u-border-grey-30 u-grey-5 u-table-cell u-table-cell-13\"> usuni\u0119cie makija\u017cu permanentnego nad warg\u0105 g\u00f3rn\u0105  Q-Switch<\/td>\n                <td class=\"u-border-1 u-border-grey-30 u-table-cell\">400 z\u0142<\/td>\n              <\/tr>\n            <\/tbody>\n          <\/table>\n        <\/div>\n      <\/div>\n    <\/section>\n    \n    \n  \n<\/div>","protected":false},"excerpt":{"rendered":"<p>Laser Q &#8211; SwitchRedukcja tatua\u017cu i makija\u017cy permanentnego Zabieg laserem Q &#8211; Switch wykonuje si\u0119 w celu redukcji niechcianego tatua\u017cu lub makija\u017cu permanentnego. Laser ten powoduje rozbicie barwnika i stopniowe wydalanie go przez sk\u00f3r\u0119. Liczba zabieg\u00f3w zale\u017cy od g\u0142\u0119boko\u015bci barwnika w sk\u00f3rze &#8211; zwykle jest to 5 &#8211; 8 zabieg\u00f3w. W celu zwi\u0119kszonego bezpiecze\u0144stwa i&hellip; <a class=\"more-link\" href=\"https:\/\/medycyna-estetyczna.net\/index.php\/laser-q-switch\/\">Czytaj dalej <span class=\"screen-reader-text\">Laser Q &#8211; Switch<\/span><\/a><\/p>\n","protected":false},"author":2,"featured_media":0,"parent":0,"menu_order":0,"comment_status":"closed","ping_status":"closed","template":"","meta":{"_monsterinsights_skip_tracking":false,"_monsterinsights_sitenote_active":false,"_monsterinsights_sitenote_note":"","_monsterinsights_sitenote_category":0,"footnotes":""},"class_list":["post-264","page","type-page","status-publish","hentry","entry"],"_links":{"self":[{"href":"https:\/\/medycyna-estetyczna.net\/index.php\/wp-json\/wp\/v2\/pages\/264","targetHints":{"allow":["GET"]}}],"collection":[{"href":"https:\/\/medycyna-estetyczna.net\/index.php\/wp-json\/wp\/v2\/pages"}],"about":[{"href":"https:\/\/medycyna-estetyczna.net\/index.php\/wp-json\/wp\/v2\/types\/page"}],"author":[{"embeddable":true,"href":"https:\/\/medycyna-estetyczna.net\/index.php\/wp-json\/wp\/v2\/users\/2"}],"replies":[{"embeddable":true,"href":"https:\/\/medycyna-estetyczna.net\/index.php\/wp-json\/wp\/v2\/comments?post=264"}],"version-history":[{"count":9,"href":"https:\/\/medycyna-estetyczna.net\/index.php\/wp-json\/wp\/v2\/pages\/264\/revisions"}],"predecessor-version":[{"id":291,"href":"https:\/\/medycyna-estetyczna.net\/index.php\/wp-json\/wp\/v2\/pages\/264\/revisions\/291"}],"wp:attachment":[{"href":"https:\/\/medycyna-estetyczna.net\/index.php\/wp-json\/wp\/v2\/media?parent=264"}],"curies":[{"name":"wp","href":"https:\/\/api.w.org\/{rel}","templated":true}]}}