{"id":32,"date":"2023-01-14T18:12:29","date_gmt":"2023-01-14T18:12:29","guid":{"rendered":"https:\/\/medycyna-estetyczna.net\/index.php\/kriolipoliza\/"},"modified":"2025-08-29T16:28:41","modified_gmt":"2025-08-29T16:28:41","slug":"kriolipoliza","status":"publish","type":"page","link":"https:\/\/medycyna-estetyczna.net\/index.php\/kriolipoliza\/","title":{"rendered":"Lipoliza"},"content":{"rendered":"<div class=\"\" style=\"\" >\n    \n    <section class=\"u-align-center u-clearfix u-section-2\" id=\"sec-224e\">\n      <div class=\"u-clearfix u-sheet u-sheet-1\">\n        <h1 class=\"u-text u-text-default u-text-palette-3-base u-text-1\" data-animation-name=\"customAnimationIn\" data-animation-duration=\"1000\">Lipoliza<\/h1>\n        <p class=\"u-align-justify u-text u-text-2\"><b>Termolipoliza<\/b> &nbsp;&nbsp;<br>Technologia\nICE RF + IR jest metod\u0105 po\u0142\u0105czenia 3 rodzaj\u00f3w energii: fal radiowych,\npodczerwieni i ch\u0142odzenia dzia\u0142aj\u0105c\u0105 bezbole\u015bnie w g\u0142\u0119bszych warstwach sk\u00f3ry,\ntkance podsk\u00f3rnej i tkance t\u0142uszczowej. Metoda ICE RF + IR gwarantuje wysok\u0105\nskuteczno\u015b\u0107 w sesjach zabiegowych spalania tkanki t\u0142uszczowej i modelowania\ncia\u0142a. W czasie jednego zabiegu lipolizy brzucha mo\u017cna straci\u0107 od 2 do 4 cm w\nobwodzie. Po zabiegu przez 2 - 3 dni konieczna jest dieta bezt\u0142uszczowa i\npowstrzymanie si\u0119 od spo\u017cywania napoj\u00f3w alkoholowych.\nLiczba\nzabieg\u00f3w w kuracji jest uzale\u017cniona od ilo\u015bci tkanki t\u0142uszczowej, kt\u00f3r\u0105 chcemy\nusun\u0105\u0107 w leczonym obszarze. Zazwyczaj modelowanie sylwetki obejmuje od 3 do 6 zabieg\u00f3w\nna dany obszar. Optymalna cz\u0119stotliwo\u015b\u0107 wykonywania zabieg\u00f3w, kt\u00f3ra daje\nnajtrwalszy efekt to 1 zabieg na tydzie\u0144.<br>\n          <br><u>Czas\ntrwania zabiegu<\/u>&nbsp;<br>Zabieg trwa ok.\n45 \u2013 60 minut.<br><u>Wskazania<\/u>&nbsp;<br>\u00b7Modelowanie sylwetki: brzuch, po\u015bladki,\nginekomastia, uda, piersi, ramiona, biodra; <!--[if !supportLists]-->\u00b7Redukcja objaw\u00f3w PEFS (tzw. cellulitu).&nbsp;<br><u>Przeciwskazania<\/u>&nbsp;<br>\u00b7Infekcja og\u00f3lna,&nbsp;<br>\u00b7Niewyr\u00f3wnana nadczynno\u015b\u0107 tarczycy,&nbsp;<br>\u00b7Guzki tarczycy,&nbsp;<br>\u00b7Zaburzenia rytmu serca,<br>\u00b7Stan po wszczepieniu rozrusznika serca,&nbsp;<br>\u00b7niekt\u00f3re metalowe elementy pozosta\u0142e po wcze\u015bniejszej\ningerencji chirurgicznej,&nbsp;<br>\u00b7implanty stomatologiczne NIE s\u0105 przeciwwskazaniem do\nzabiegu.&nbsp;<br><u>Bolesno\u015b\u0107\nzabiegu<\/u>&nbsp;<br>Zabieg\njest ca\u0142kowicie bezbolesny, nie wymaga znieczulenia.<br><u>Czas\ntrwania rekonwalescencji<\/u>&nbsp;<br>Zabieg\njest nieinwazyjny, wi\u0119c nie wymaga \u017cadnego okresu rekonwalescencji.<br>\n          <br><b>Lipoliza iniekcyjna<\/b>&nbsp;<br>Zabieg\npolega na wstrzykni\u0119ciu drobnych depozyt\u00f3w substancji czynnej uszkadzaj\u0105cych\nkom\u00f3rki t\u0142uszczowe. Uwolniony w ten spos\u00f3b t\u0142uszcz usuwany jest z organizmu\nwraz z limf\u0105 (ch\u0142onk\u0105).\nZaleca\nsi\u0119 wykonanie 4 \u2013 6 zabieg\u00f3w w odst\u0119pach ok. 4 tygodniowych.&nbsp;<br><u>Czas\ntrwania zabiegu<\/u>&nbsp;<br>Zabieg\ntrwa ok. 30 minut.&nbsp;<br><u>Wskazania<\/u>&nbsp;<!--[if !supportLists]-->\n          <br>\u00b7nadmiar tkanki t\u0142uszczowej w obr\u0119bie\npodbr\u00f3dka,&nbsp;<br>\u00b7nadmiar tkanki t\u0142uszczowej w obr\u0119bie\nkolan,&nbsp;<br>\u00b7nadmiar tkanki t\u0142uszczowej w obr\u0119bie\nwzg\u00f3rka \u0142onowego,&nbsp;<br>\u00b7lokalne depozyty t\u0142uszczowe.&nbsp;<br><u>Przeciwskazania<\/u>&nbsp;<!--[if !supportLists]-->\n          <br>\u00b7infekcja og\u00f3lna,<br>\u00b7choroby nerek i w\u0105troby,&nbsp;<br>\u00b7cukrzyca z zaburzeniami naczyniowymi,&nbsp;<br>\u00b7zaburzenia krzepliwo\u015bci krwi,&nbsp;<br>\u00b7sta\u0142e stosowanie lek\u00f3w przeciwkrzepliwych,&nbsp;<br>\u00b7ci\u0105\u017ca i karmienie,&nbsp;<br>\u00b7choroby autoimmunologiczne.<br><u>Bolesno\u015b\u0107\nzabiegu<\/u>&nbsp;<br>Zabieg\nwykonywany jest ze znieczuleniem miejscowym, jednak pacjent mo\u017ce odczuwa\u0107\ndyskomfort podczas zabiegu.&nbsp;<br><u>Czas\ntrwania rekonwalescencji<\/u>&nbsp;<br>Zabieg\nnie wymaga rekonwalescencji, ale mog\u0105 pojawi\u0107 si\u0119 si\u0144ce.<br>\n          <br>\n          <br>\n          <br>\n          <br>\n        <\/p>\n        <a href=\"https:\/\/medycyna-estetyczna.net\/index.php\/cennik\/\" class=\"u-border-none u-btn u-btn-round u-button-style u-hover-palette-3-base u-palette-1-base u-radius-15 u-btn-1\">cennik<\/a>\n      <\/div>\n    <\/section>\n    <section class=\"u-align-center u-clearfix u-section-3\" id=\"sec-670f\">\n      <div class=\"u-clearfix u-sheet u-sheet-1\">\n        <div class=\"u-expanded-width u-table u-table-responsive u-table-1\">\n          <table class=\"u-table-entity u-table-entity-1\">\n            <colgroup>\n              <col width=\"50%\">\n              <col width=\"50%\">\n            <\/colgroup>\n            <thead class=\"u-palette-4-base u-table-header u-table-header-1\">\n              <tr style=\"height: 46px;\">\n                <th class=\"u-border-1 u-border-palette-4-base u-palette-1-base u-table-cell u-table-cell-1\">Zabieg<\/th>\n                <th class=\"u-border-1 u-border-palette-4-base u-palette-3-base u-table-cell u-table-cell-2\">Cena<\/th>\n              <\/tr>\n            <\/thead>\n            <tbody class=\"u-table-body\">\n              <tr style=\"height: 73px;\">\n                <td class=\"u-border-1 u-border-grey-30 u-first-column u-grey-5 u-table-cell u-table-cell-3\">Termolipoliza 1 okolicy (np. brzuch, wewn\u0119trzne powierzchnie ud, boczki)<\/td>\n                <td class=\"u-border-1 u-border-grey-30 u-table-cell\">900 z\u0142 ( w serii 4 zabieg\u00f3w - 700 z\u0142)<\/td>\n              <\/tr>\n              <tr style=\"height: 73px;\">\n                <td class=\"u-border-1 u-border-grey-30 u-first-column u-grey-5 u-table-cell u-table-cell-5\">Termolipoliza podbr\u00f3dka<\/td>\n                <td class=\"u-border-1 u-border-grey-30 u-table-cell\">450 z\u0142<\/td>\n              <\/tr>\n              <tr style=\"height: 73px;\">\n                <td class=\"u-border-1 u-border-grey-30 u-first-column u-grey-5 u-table-cell u-table-cell-7\">Lipoliza iniekcyjna<\/td>\n                <td class=\"u-border-1 u-border-grey-30 u-table-cell\">od 500 z\u0142<\/td>\n              <\/tr>\n            <\/tbody>\n          <\/table>\n        <\/div>\n      <\/div>\n    <\/section>\n    \n    \n    \n  \n<\/div>","protected":false},"excerpt":{"rendered":"<p>Lipoliza Termolipoliza &nbsp;&nbsp;Technologia ICE RF + IR jest metod\u0105 po\u0142\u0105czenia 3 rodzaj\u00f3w energii: fal radiowych, podczerwieni i ch\u0142odzenia dzia\u0142aj\u0105c\u0105 bezbole\u015bnie w g\u0142\u0119bszych warstwach sk\u00f3ry, tkance podsk\u00f3rnej i tkance t\u0142uszczowej. Metoda ICE RF + IR gwarantuje wysok\u0105 skuteczno\u015b\u0107 w sesjach zabiegowych spalania tkanki t\u0142uszczowej i modelowania cia\u0142a. W czasie jednego zabiegu lipolizy brzucha mo\u017cna straci\u0107 od&hellip; <a class=\"more-link\" href=\"https:\/\/medycyna-estetyczna.net\/index.php\/kriolipoliza\/\">Czytaj dalej <span class=\"screen-reader-text\">Lipoliza<\/span><\/a><\/p>\n","protected":false},"author":1,"featured_media":0,"parent":0,"menu_order":12,"comment_status":"closed","ping_status":"closed","template":"","meta":{"_monsterinsights_skip_tracking":false,"_monsterinsights_sitenote_active":false,"_monsterinsights_sitenote_note":"","_monsterinsights_sitenote_category":0,"footnotes":""},"class_list":["post-32","page","type-page","status-publish","hentry","entry"],"_links":{"self":[{"href":"https:\/\/medycyna-estetyczna.net\/index.php\/wp-json\/wp\/v2\/pages\/32","targetHints":{"allow":["GET"]}}],"collection":[{"href":"https:\/\/medycyna-estetyczna.net\/index.php\/wp-json\/wp\/v2\/pages"}],"about":[{"href":"https:\/\/medycyna-estetyczna.net\/index.php\/wp-json\/wp\/v2\/types\/page"}],"author":[{"embeddable":true,"href":"https:\/\/medycyna-estetyczna.net\/index.php\/wp-json\/wp\/v2\/users\/1"}],"replies":[{"embeddable":true,"href":"https:\/\/medycyna-estetyczna.net\/index.php\/wp-json\/wp\/v2\/comments?post=32"}],"version-history":[{"count":9,"href":"https:\/\/medycyna-estetyczna.net\/index.php\/wp-json\/wp\/v2\/pages\/32\/revisions"}],"predecessor-version":[{"id":566,"href":"https:\/\/medycyna-estetyczna.net\/index.php\/wp-json\/wp\/v2\/pages\/32\/revisions\/566"}],"wp:attachment":[{"href":"https:\/\/medycyna-estetyczna.net\/index.php\/wp-json\/wp\/v2\/media?parent=32"}],"curies":[{"name":"wp","href":"https:\/\/api.w.org\/{rel}","templated":true}]}}